er when v is divided by 2.
1
Suppose 38 + 13 = 3*x. Let q = 401 + -371. What is the remainder when q is divided by x?
13
What is the remainder when (68/(-51))/((-88)/42 + 2) is divided by 3?
2
Suppose 4*i + 5*g - 1475 = 0, 3*i = i + 5*g + 715. Calculate the remainder when 9 is divided by (2/3)/(5 - i/75).
4
Suppose 3*w + p - 44 = 0, 2*p + 26 = 5*w - 51. Suppose 6*z = z - w. What is the remainder when 58 is divided by z - (1*-16 + -2)?
13
Suppose -60 = 11*b - 14*b. What is the remainder when b is divided by 4?
0
Suppose 2*f + 0*z - 2*z - 50 = 0, -5*f + 129 = -3*z. Calculate the remainder when 105 is divided by f.
24
Suppose 65 = 5*a + 4*i, -i = 3*a + 2*i - 42. Let z(j) = 23*j**2 + 83*j + 82. Calculate the remainder when z(-1) is divided by a.
4
Suppose 9*s = 5*s + 4*j + 364, -91 = -s - 5*j. Calculate the remainder when 175 is divided by s.
84
Suppose 5*v = 3*n + n - 19, -4*n + 7 = -v. What is the remainder when 7 + -2 + 3 - 5 - -6 is divided by (-34)/(-6) + n/3?
3
Let k(l) = -8*l - 22. Let a(c) = -c**2 + 4*c - 2. Let p be a(5). What is the remainder when k(p) is divided by 6?
4
Let u = 93 + -83. Suppose 5*a = 2 + 8. Suppose 0*m = -a*m + 30. What is the remainder when m is divided by u?
5
Let f(t) = 0*t + 49*t + 24*t + 8. Let z be f(3). Suppose 0 = -3*o + 5*o - 3*g - z, 2*o + 4*g - 262 = 0. Calculate the remainder when o is divided by 31.
28
Let l = -16 + 22. What is the remainder when 18 is divided by 126/(-12)*l/(-9)?
4
Suppose 0*p = -p + 45. Let o = 33 - 32. What is the remainder when p is divided by o/(1/12) + 0?
9
Let l(g) = -2*g + 10. Let t be l(3). Suppose 2*u - 223 = -10*v + 9*v, 0 = -2*u + t*v + 218. Calculate the remainder when u is divided by 23.
19
Suppose -3*n + 4*n = 47. Suppose -3*p = -n + 29. Calculate the remainder when 28 is divided by p.
4
Calculate the remainder when 131 is divided by (2 - 63)*(-51 - -50).
9
Let d(c) = -c**3 - 26*c**2 - 79*c - 54. What is the remainder when d(-23) is divided by 61?
54
Let u(q) = -12*q**3 + 2*q**2 - 12*q - 25. What is the remainder when u(-2) is divided by 35?
33
Let w be 6/21 + (-36)/(-21). Suppose 0 = -3*l + w*q + 72 - 25, -2*l + q = -32. What is the remainder when l is divided by 5?
2
Let b(p) = p**3 - 38*p**2 + 5*p - 21. What is the remainder when b(38) is divided by 60?
49
Let b = 173 + -150. Calculate the remainder when 44 is divided by b.
21
Let g = -7 + 25. Suppose -3*a + 99 = -g. Calculate the remainder when 152 is divided by a.
35
Suppose -140 = -9*c - c. Calculate the remainder when 152 is divided by c.
12
Suppose -4*v + 10 + 104 = d, 548 = 5*d - 2*v. Calculate the remainder when d is divided by 48.
14
Suppose 3*x + 8 = 5*x. Suppose -x*d - 80 = 4*j, -3*d - 5*j - 29 = 29. Let h = -8 - d. What is the remainder when h is divided by 4?
1
Suppose -4*p - 45 = -193. Suppose r + 414 = 47*r. What is the remainder when p is divided by r?
1
Suppose -5*b = a - 53, 13 = -5*b + 5*a + 78. Let j = 11 + -16. Let f(v) = v**2 + v. What is the remainder when f(j) is divided by b?
9
Suppose -4*v - 395 + 107 = 0. Let t be ((-20)/12)/(4/v). Suppose 3*j = j + t. What is the remainder when j is divided by 9?
6
Let b = 143 - 50. Suppose 3*i + 3*r - 214 = 5*r, i - 3*r - 62 = 0. Suppose 3*g - 2*y - i = 4, -4*g - 3*y = -87. What is the remainder when b is divided by g?
21
Let t(b) be the second derivative of b**4/12 + 2*b**3/3 + b**2 + 6*b. Calculate the remainder when t(-6) is divided by 3.
2
Suppose 3*b + 238 = 2*k, k - 6*k = 3*b - 574. What is the remainder when k is divided by 39?
38
Let k(y) = 26*y**2 + y - 3. Let p(h) = -25*h**2 - 2*h + 4. Let l(m) = 3*k(m) + 2*p(m). Calculate the remainder when 52 is divided by l(-1).
24
Suppose 0 = -3*b - 0*b + 15. Let g be 109/b - 2/(-10). Suppose 11 = j - g. What is the remainder when j is divided by 9?
6
Suppose -4*n = -5*n. Suppose n = -5*s + 1 + 44. Calculate the remainder when 51 is divided by s.
6
Let u(i) be the second derivative of 0 + i - 1/12*i**4 + 13/2*i**2 + 17/6*i**3. Calculate the remainder when 25 is divided by u(17).
12
Suppose g = 5*g. Let k(j) = j**3 + 16. What is the remainder when k(g) is divided by ((-9)/12)/(1/(-12))?
7
Suppose 0 = -623*k + 614*k + 738. What is the remainder when 297 is divided by k?
51
Suppose -510 = -5*f - 5*k, 5*f + k + 3*k = 513. Let s = f - 104. What is the remainder when 3 is divided by s?
0
Calculate the remainder when 278 is divided by (39/4)/(1/8*3).
18
Suppose -5*q = -0*q - 105. Calculate the remainder when ((-24)/(-32))/(5*3/2460) is divided by q.
18
Let o = 84 - 69. Let s(x) = 2*x + 3. Let b be s(-4). Let q(j) = -j**3 - 5*j**2 - 5*j + 2. Calculate the remainder when q(b) is divided by o.
12
Let c = 227 + -149. Suppose 3*y - 4*x + 11 = -46, -x = -5*y - c. Let z = y - -26. Calculate the remainder when 53 is divided by z.
9
Suppose -8*b - 37*b = -3915. What is the remainder when 187 is divided by b?
13
Suppose 0 = -3*f - f + 24. Let d be (94/f)/((-3)/(-9)). Suppose 5*j + 60 = 3*w - d, -3*w + 3*j = -99. Calculate the remainder when w is divided by 10.
9
Suppose -4*k - 143 = -3*m, k = 3*m - 41 - 114. Calculate the remainder when m is divided by 18.
17
Suppose f - 16 = 5*s, 4*s + 8 = 2*f - 0*s. What is the remainder when 1534/65*(-10)/f is divided by 10?
9
Let k be ((-12)/(-2))/(-4 + 3). Let b = -5 - k. Let o = 5 - 4. What is the remainder when o is divided by b?
0
Suppose 4*a - 2235 + 203 = 0. What is the remainder when a is divided by 30?
28
Let a(k) be the second derivative of -k**4/12 - 7*k**3/2 + 43*k**2/2 + 11*k. Calculate the remainder when 212 is divided by a(-21).
40
Let q = -2 - -8. Suppose w = -5*g, w + w = 0. Suppose g*u = 3*u - 30. Calculate the remainder when u is divided by q.
4
Suppose 0 = -5*a + 5*m - 67 - 58, m + 3 = 0. Let l = -11 - a. What is the remainder when l is divided by 3?
2
Suppose -3*v = -3*k - 123, 4*k + 1 = -3. What is the remainder when v is divided by 24?
16
Suppose 2*c = 5*p + 3 + 18, -4*c - 2*p + 30 = 0. Let z = 7168 + -7138. Calculate the remainder when z is divided by c.
6
Suppose 0 = -4*p + k - 92, -2*k - 51 = 4*p + 41. Let d be (8 + p)/(1*-1). Calculate the remainder when -3*((-250)/d - -2) is divided by 23.
21
Let k be (-132)/77 + (-4)/14 - -95. Suppose 3*l + 295 = 5*z, -4*l - k = -4*z + 135. What is the remainder when 183 is divided by z?
59
Let f be (18/(-8))/(9/(-24)). What is the remainder when ((-156)/8)/(f/(-8)) is divided by (-73)/(-5) + (90/(-25))/6?
12
Let r(h) = 7 - 7*h + 0 + 4*h - 50. Calculate the remainder when r(-20) is divided by 10.
7
Let k = 2356 + -2281. What is the remainder when 265 is divided by k?
40
Let k be 4/(-6)*24/(-16)*4. Suppose 4*g = 0, 2*i + i - k*g - 33 = 0. Suppose 3*y - 215 = -2*y. Calculate the remainder when y is divided by i.
10
Suppose 3*h - 18 = -5*s, 3*h - 4*h + 16 = 5*s. Let u = 8 - h. Let y = u + 0. What is the remainder when 11 is divided by y?
4
Let u(j) = -46*j - 12. Calculate the remainder when u(-3) is divided by 26.
22
What is the remainder when 42 is divided by ((-3)/6)/((49/420)/(-7))?
12
Let i(c) = 118*c + 162. Calculate the remainder when i(4) is divided by 49.
46
Suppose -146 = -2*f - 2*b, -2*b - 357 = -5*f - 3*b. What is the remainder when 140 is divided by f?
69
Let z(x) = 11*x**2 - x - 10. Suppose -3*i - 6 = -5*i. Calculate the remainder when z(i) is divided by 22.
20
Suppose -46*h + 762 = -40*h. Calculate the remainder when h is divided by 12.
7
Suppose 6*v + 85 = -11. Let g = v + 18. Suppose -g*t = -7*t + 65. What is the remainder when 50 is divided by t?
11
Calculate the remainder when 129 is divided by (-708)/(-72) + (-7)/(-6).
8
Let y(d) = -2*d**2 - 36*d - 95. Let p(v) = -v**3 + 2*v**2 + 6*v + 3. Let g be p(5). Let w = -25 - g. Calculate the remainder when y(-9) is divided by w.
16
Let k(o) = -5*o - 4. Let c be k(-3). Calculate the remainder when (((-8778)/(-12))/c)/((-2)/(-4)) is divided by 34.
31
Suppose 22 = -7*u + 43. Suppose -u = -6*x + 111. What is the remainder when x is divided by 12?
7
Let a(v) = 5*v**3 - 2*v + 1. Let s be a(1). Suppose -s*p + 3*q - 2 = -26, -2*q + 35 = 3*p. Calculate the remainder when 33 is divided by p.
6
Let t = 1267 + -902. What is the remainder when t is divided by 8?
5
Let u = 127 - 71. Calculate the remainder when u is divided by 30.
26
Suppose -12 = -3*g + 4*b, 4*g + 10 = -3*b + 1. Sup